 and 2748285.
389
Calculate the greatest common divisor of 48537 and 9981.
9
What is the greatest common divisor of 9164 and 3749340?
316
Calculate the greatest common factor of 549310 and 448250.
1630
What is the highest common divisor of 32 and 67239584?
32
Calculate the highest common factor of 87629094 and 714.
42
What is the greatest common factor of 16348 and 278404?
244
Calculate the highest common divisor of 5934 and 161942816.
1978
Calculate the greatest common factor of 225228 and 723360.
1644
Calculate the greatest common divisor of 3440 and 1143886.
86
Calculate the highest common divisor of 884677 and 104525.
113
What is the greatest common divisor of 44460 and 193082760?
2340
What is the greatest common factor of 17307 and 257787?
9
What is the greatest common factor of 3495 and 4750173330?
3495
What is the greatest common factor of 7743 and 16969002?
87
What is the greatest common factor of 680 and 40927600?
40
What is the greatest common divisor of 4213 and 224821?
383
What is the greatest common divisor of 2100 and 314076?
84
Calculate the greatest common factor of 159 and 612114119.
53
What is the greatest common factor of 12994 and 986387?
89
Calculate the greatest common factor of 714 and 1156804712.
238
Calculate the greatest common factor of 24058458 and 8535.
1707
What is the greatest common factor of 506990 and 7315?
55
Calculate the greatest common factor of 1281 and 74354364.
1281
Calculate the highest common factor of 5456991 and 753.
753
Calculate the highest common factor of 4141 and 65796349.
4141
Calculate the greatest common factor of 1142 and 66660253.
571
What is the highest common factor of 395077273 and 1861?
1861
What is the highest common divisor of 1100 and 111343900?
100
What is the highest common factor of 1080508 and 10032?
44
What is the highest common factor of 5632776 and 27?
9
Calculate the highest common factor of 14 and 131331991.
7
What is the highest common divisor of 124032133 and 1501?
1501
Calculate the greatest common factor of 7 and 13066795.
7
What is the greatest common divisor of 900223 and 591666?
3181
Calculate the greatest common factor of 151623 and 51867.
153
What is the greatest common factor of 6657 and 16104234?
951
Calculate the highest common factor of 17759696 and 3792.
16
Calculate the highest common divisor of 7163 and 343969.
29
What is the highest common divisor of 2349194 and 323890?
1322
What is the greatest common factor of 54416 and 40394?
38
What is the highest common factor of 169036 and 16408?
28
Calculate the greatest common factor of 178 and 66419187.
89
Calculate the highest common factor of 8085985 and 8595.
955
What is the highest common factor of 84083 and 13912?
47
Calculate the greatest common divisor of 178560 and 154690.
310
What is the greatest common divisor of 254 and 704437123?
127
Calculate the highest common divisor of 665 and 5066065.
95
What is the greatest common divisor of 9156896 and 14?
14
What is the greatest common factor of 524173 and 8906?
61
What is the greatest common factor of 18709 and 58406?
53
Calculate the greatest common divisor of 5 and 30202045.
5
Calculate the highest common factor of 16485 and 9998545.
785
Calculate the greatest common factor of 132 and 16907308.
44
What is the greatest common divisor of 9396282 and 213?
213
Calculate the greatest common divisor of 522875066 and 14.
14
What is the greatest common divisor of 130425 and 50760?
705
What is the greatest common divisor of 140 and 20780?
20
What is the highest common factor of 3611747 and 203?
29
Calculate the greatest common divisor of 72512701 and 15521.
1411
What is the highest common factor of 95215 and 2175?
5
What is the greatest common factor of 2238796 and 4662?
518
Calculate the highest common factor of 171884740 and 58.
58
What is the highest common divisor of 17 and 94377931?
17
What is the greatest common divisor of 1563029 and 1482?
13
What is the greatest common divisor of 1176 and 491421?
147
Calculate the greatest common divisor of 49 and 58054465.
49
What is the greatest common factor of 162864 and 64935?
351
Calculate the highest common divisor of 66570 and 32490915.
4755
Calculate the highest common factor of 11782325 and 800.
25
Calculate the greatest common divisor of 16974 and 19205.
23
What is the highest common divisor of 77344 and 52688183?
2417
What is the greatest common factor of 4134 and 4773339?
159
Calculate the highest common divisor of 2389218492 and 36.
12
Calculate the greatest common factor of 1625 and 48370375.
125
What is the greatest common factor of 14227633 and 7?
7
Calculate the greatest common factor of 44 and 376951102.
22
What is the highest common factor of 42 and 829022397?
21
What is the highest common factor of 12 and 63683116?
4
Calculate the highest common factor of 27965 and 6174910.
595
Calculate the highest common factor of 36253 and 55111.
7
What is the greatest common divisor of 38890701 and 171?
171
Calculate the highest common factor of 1240 and 2368005.
5
Calculate the greatest common divisor of 6305828 and 712.
356
What is the highest common factor of 497913071 and 73?
73
What is the greatest common divisor of 11818 and 4674?
38
What is the highest common divisor of 10 and 308075?
5
Calculate the highest common factor of 89162532 and 14580.
2916
What is the highest common divisor of 1291195663 and 31?
31
Calculate the highest common factor of 75185 and 248794.
1367
Calculate the greatest common factor of 382860 and 118080.
180
Calculate the greatest common factor of 1634040 and 146070.
270
What is the greatest common factor of 6439 and 15169325?
137
Calculate the highest common divisor of 36465 and 358472829.
7293
What is the highest common factor of 21509 and 1144361?
137
What is the greatest common divisor of 1812 and 59788?
4
What is the greatest common factor of 1078920 and 24120?
360
Calculate the highest common divisor of 565 and 1847890.
5
Calculate the highest common factor of 508928 and 10976896.
896
Calculate the highest common divisor of 571183731 and 1377.
1377
What is the highest common factor of 88 and 8581826?
22
What is the greatest common divisor of 332388 and 174006?
126
What is the greatest common factor of 56 and 804975626?
14
Calculate the greatest common divisor of 3186 and 40818.
6
Calculate the greatest common divisor of 152680 and 43868.
44
What is the highest common divisor of 57820763 and 2002?
1001
What is the highest common divisor of 28610876 and 5436?
604
Calculate the highest common factor of 5625249 and 245.
49
Calculate the highest common divisor of 9024 and 89167272.
1128
What is the greatest common factor of 6515587 and 39?
13
Calculate the highest common divisor of 2133424 and 21056.
752
Calculate the greatest common factor of 616 and 7921496.
88
What is the highest common divisor of 19 and 38223478?
19
Calculate the highest common factor of 1224652 and 59202.
286
What is the highest common factor of 13106397 and 713?
31
What is the highest common factor of 14 and 21908318?
2
What is the highest common divisor of 29042825 and 140?
35
What is the highest common divisor of 309357 and 1332?
333
Calculate the highest common divisor of 71 and 282658384.
71
What is the greatest common factor of 15960 and 485205?
105
What is the greatest common divisor of 392324826 and 262?
262
What is the highest common factor of 10 and 10372484?
2
What is the highest common divisor of 100448124 and 84?
84
Calculate the highest common divisor of 1961 and 903948443.
1961
What is the greatest common divisor of 5462262 and 49569?
1209
What is the greatest common factor of 39 and 2090434?
1
What is the greatest common factor of 620640 and 3201120?
1440
Calculate the greatest common factor of 21970 and 28930.
10
Calculate the highest common divisor of 1274 and 153976277.
637
What is the highest common divisor of 18 and 2831585418?
18
Calculate the greatest common factor of 422889 and 19929.
219
Calculate the highest common divisor of 117 and 5185531.
13
What is the greatest common factor of 508005 and 8480?
265
What is the greatest common factor of 52630852 and 6754?
614
What is the greatest common factor of 108899348 and 6228?
692
Calculate the highest common factor of 2620309 and 171.
19
What